*2. Let w(f) = -11*c(f) - 6*y(f). Determine w(-1).
7
Let k = -1022 - -1024. Let m(g) = 15*g + 3. Calculate m(k).
33
Let g(f) = -f**2 + 2*f + 41. Suppose 4*o - 5*n + 49 = 0, 13 = -o + 2*n - 3. Let b be g(o). Let l(d) = d - 6. What is l(b)?
-13
Let i(f) = f. Let y be i(2). Let l be (-32)/(-14) + 40/(-140). Suppose -y*z = -0 - l. Let m(c) = c. What is m(z)?
1
Let o(a) = -a**3 + a**2 + 5*a - 3. Let n(h) = -h - 2 + 1 - 3 + 5. Let r(x) = -6*n(x) - o(x). What is r(0)?
-3
Let n be (-52)/130*(-5)/4*6. Let z(y) = 3*y + 1. Give z(n).
10
Let z be 128/56 - (-2)/(-7). Let v(q) = -7*q + 4*q**2 - 1 - z - 3*q**2 + 8. Let o = 10 - 5. Give v(o).
-5
Let v(y) = -4*y + 2 - 1 - y**3 + 5*y**2 + 2*y**3 + 4. Let x be ((-6)/20*-4)/(6/15). Suppose 4*z - x*z + 6 = 0. What is v(z)?
-7
Let d(b) = b**3 + 7*b**2 + 4*b - 11. Let h(x) be the second derivative of -x**2/2 - 2*x. Let f(y) = d(y) - 6*h(y). Calculate f(-6).
7
Let c(q) = -2*q + 10. Let p(u) = u**2 + 7*u + 3. Let b be p(-3). Let y = b - -17. Determine c(y).
-6
Let f(d) = -40*d + 3*d**2 + 0 - 8 + 23*d + 12*d - 2*d**2. Determine f(6).
-2
Suppose -2*q - 38 = 5*v, -2*v - 3*q = -2*q + 15. Let j be (v/(-12))/(2/36). Let f(a) = -11 - a + j - a. Determine f(1).
-1
Let k(h) = h**3 - h**2 + h - 9. Suppose 1 - 9 = 4*s. Let f be s/3 - (-34)/6. Let n be (f/4 + -1)*0. Calculate k(n).
-9
Let a(j) = 2*j + 3. Let x(t) = t. Let z be x(5). Suppose -5*u = 2*n - n + 2, -5*n = -z*u + 10. Suppose u = -17*r + 15*r - 12. Calculate a(r).
-9
Suppose 3*y = 11*y - 24. Let l(o) = -y*o - o - o + 4. Calculate l(3).
-11
Let a(k) = -5*k + 11. Let x(v) = v - 1. Let j(r) = -a(r) - 6*x(r). Let w(o) = o**3 - o**2 - o - 3. Let m be w(0). Let f be ((-27)/m)/((-9)/6). What is j(f)?
1
Let s(w) = -w**2 - 4*w - 7. Suppose -5*j = 4*x - 9*j + 24, 4*j = -5*x - 21. Calculate s(x).
-12
Suppose 0 = -n + 5, 2*k - 5*n - 17 + 164 = 0. Let w = k - -58. Let x(a) = -3*a + 2 - a - a - a**2. Give x(w).
8
Suppose -5*d - 5 = 5*i, -d - 5*i = -6*d + 45. Suppose 5*w - 12 = d*o, o - 4*w - w = -18. Let t(p) = 46 - p**2 + 41 - 114 + p + 26 + 0*p**2. What is t(o)?
-3
Let t(b) be the first derivative of b**6/360 - b**5/60 - b**4/4 + 14*b**3/3 + 5. Let m(x) be the third derivative of t(x). Give m(5).
9
Let m(y) = -22*y**2 - 53*y + 55. Let b(p) = 5*p**2 + 13*p - 14. Let k(u) = -9*b(u) - 2*m(u). What is k(-12)?
4
Let q(b) be the third derivative of 0 + 0*b - 15*b**2 - 2/3*b**3 - 1/24*b**4. Determine q(6).
-10
Let t(n) = 24*n**3 - 47*n**2 + 34*n - 44. Let f(m) = -11*m**3 + 23*m**2 - 17*m + 22. Let g(a) = -13*f(a) - 6*t(a). Determine g(-18).
-4
Let z be (6 - (-9 + 8)) + -6 - 3. Let c(h) = 8*h + 4. Let w(k) = -8*k - 5. Let m(j) = -3*c(j) - 2*w(j). Determine m(z).
14
Let k(x) = x + 1. Suppose 19 = 4*h - 3*h. Suppose 1 + h = 5*o. Suppose 0 = 4*i + o*j - 4, -2*i + 3*j - 3 = -20. Determine k(i).
5
Let m(z) = -z**2 + 1. Let k(s) = 11*s - 64. Let g be k(6). Let p be g/(-9) + 50/225. Determine m(p).
1
Let p(x) be the second derivative of -x**6/720 - 4*x**4/3 + 11*x. Let g(l) be the third derivative of p(l). Give g(-5).
5
Let r(p) = p - 2. Let x be r(7). Let k(n) = -6 + 8 + 3*n + x. Determine k(-6).
-11
Let u(z) = -z**3 + 2*z**2 + z + 2. Let q be u(2). Let l be (2 + 1 - 4)*-68. Let f be 3/q + l/16. Let i(j) = j**3 - 5*j**2 - j. Calculate i(f).
-5
Let j(q) = -10*q**3 + 5*q**2 - 16*q + 5. Let t(n) = 7*n**3 - 3*n**2 + 11*n - 3. Let p(u) = -5*j(u) - 7*t(u). Suppose -4*z + 3*z + 3 = 0. What is p(z)?
-4
Let x(m) be the third derivative of -m**6/120 - 4*m**5/15 - 7*m**4/12 + 11*m**3/3 - 8*m**2 + m. Give x(-15).
7
Let o(y) = 18*y**2 - 3*y + 2. Let j(z) = -z**3 + z**2 + 3*z - 1. Let x be j(2). Let d be o(x). Suppose 4*l = 5 - d. Let k(m) = -m + 3. Calculate k(l).
6
Let v = 5 + 1. Let b(q) = -q**3 + 12*q**2 + q + 4. Let y(x) = -2*x**3 + 25*x**2 + 2*x + 10. Let h(c) = 13*b(c) - 6*y(c). Give h(v).
-2
Let b(l) = 52 - 2*l - 3*l - 53. Let z(s) = -1. Let t(i) = -i + 14. Let n(r) = t(r) + 5*z(r). Let j be n(8). Calculate b(j).
-6
Let x(d) be the first derivative of d**4/2 - d**3 + 5*d**2/2 - 2*d - 8. Calculate x(3).
40
Let k = 9 + -12. Let w(d) = 10*d**3 + 2*d**2 + 7*d + 12. Let q(a) = 3*a**3 + a**2 + 2*a + 4. Let y(x) = 7*q(x) - 2*w(x). What is y(k)?
4
Let y(u) = -u**3 - 7*u**2 - 3. Let q be y(-7). Suppose -j - 3 = -4. Let z(p) = 5*p**2 - 3*p - 20*p**3 - 3*p**2 + 21*p**3 + j. Give z(q).
1
Suppose -h = 2*h - 3. Let n be 0 + -3 + h*4. Let s(y) = 1 - 8 + 0*y - 3*y + n. Give s(-6).
12
Suppose 2*a - 4*t + 4 = 0, 5*t - 22 + 6 = -3*a. Let u(x) = 2*x - x - 17*x**a + 7*x**2. Suppose 0 = -z, 7 - 4 = 3*s + 3*z. Calculate u(s).
-9
Let u be 6/10 - (-20)/250*-20. Let h = 4 - 3. Let n(l) = 0*l + 2*l - 3*l**3 + h + 2*l**3. Determine n(u).
0
Let s = 8 - -9. Let t = -11 + s. Let q(g) = -g + 3. Give q(t).
-3
Let f(g) = -g**2 + 6*g - 4. Let l be 400/120*((-30)/4)/(-5). Determine f(l).
1
Let b(i) = i**3 + 6*i**2 - 9*i - 1. Let f be b(-7). Let r = -7 + f. Let p(d) = -d + 6. What is p(r)?
0
Let x(k) be the third derivative of k**4/12 + 2*k**3/3 - 298*k**2. Give x(-8).
-12
Suppose 2*s + 2*s - 76 = 4*v, v - 3*s = -13. Let r = 22 + v. Let a(h) = -h + 5. What is a(r)?
5
Let x = -87 - -88. Let a(v) = v**2 - 10*v - 5. Let k be a(11). Let p(g) = 7*g**3 - 2*g**2 + 2*g + k*g**3 - 4*g**3 - 1. Give p(x).
8
Let s(w) = -2*w**2 - 25*w + 14. Let n = 509 + -522. Give s(n).
1
Let l = -184 + 189. Let p(d) = -d**3 + 4*d**2 + 4*d - 5. Calculate p(l).
-10
Let g(z) = 5*z + 7. Let p(j) = 6*j + 7. Let n(l) = -5*g(l) + 4*p(l). Calculate n(0).
-7
Let u(q) be the second derivative of -q**6/144 + q**5/60 + 25*q**4/12 - 14*q. Let r(v) be the third derivative of u(v). Calculate r(-2).
12
Let a(z) = -4*z - z + 5 + 4*z - 1. Let c = 16 - 14. Let v be (-2 - c)*(-15)/20. Calculate a(v).
1
Let a(u) = -u**2 + 5*u - 11. Let x(t) = -4*t**2 + 16*t - 32. Let z(m) = -7*a(m) + 2*x(m). Give z(-5).
3
Let p(t) = -196*t + 39. Let o(x) = 87*x - 19. Let h(z) = -9*o(z) - 4*p(z). Determine h(-6).
9
Let i(w) = w**3 - 6*w**2 - 6*w - 2. Suppose 4*o = 5*c - 39, 0*o = 3*c + 5*o - 16. Determine i(c).
5
Let p(v) = 25*v - 2. Let h(r) = 13*r - 1. Let c = 54 - 58. Let a(i) = c*p(i) + 7*h(i). Determine a(2).
-17
Let u = -1372 - -1375. Let g(f) = -8*f**2 + 4*f - 3. Give g(u).
-63
Let k = 13 + -10. Let s be 4 - (k + (-4 - -1)). Let w(o) = -2 + o**3 - 3*o - o - o - 3*o**2. Determine w(s).
-6
Let a(g) = g**3 - 22*g**2 - 21*g - 44. Let f be a(23). Let l(n) = -14*n**2 - 18*n**f - 7*n + 31*n**2. Calculate l(-6).
6
Let n(h) be the third derivative of h**6/180 + h**5/120 - h**4/24 + 5*h**2. Let k(o) be the second derivative of n(o). Let y be (0 - 4)*2/4. Give k(y).
-7
Let k(n) = 4*n**2 + 5*n + 3. Let c(w) = 11*w**2 + 14*w + 8. Let l(j) = -3*c(j) + 8*k(j). Let f(r) = -3*r - 32. Let u be f(-13). Let i = -11 + u. Give l(i).
-8
Let v(r) = r**3 + 6*r**2 + 5*r - 1. Suppose 0 = j + 6*j - 35. Let z be (-60)/6*2/j. What is v(z)?
11
Let n(r) = -r**3 + 7*r**2 + 8*r + 3. Let t be (-7)/(21/6) + 10. Let x be n(t). Suppose x*y - 8*y = -15. Let m(k) = -k - 1. What is m(y)?
-4
Let u(z) = -z - 5. Suppose -9*x - 76 = 23. What is u(x)?
6
Suppose -4*x - 24 = -80. Let l be (-4)/x*(6 + -13). Let h(r) be the second derivative of -r**4/12 + r**3/2 - 3*r**2/2 - r. Calculate h(l).
-1
Let h(v) = -11*v**3 - 5*v**2 + 8*v - 8. Let t(q) = -9*q**3 - 5*q**2 + 6*q - 7. Let w(s) = 4*h(s) - 5*t(s). Give w(-2).
11
Let p(i) = -83*i + 69. Let z(l) = -15*l + 14. Let j(d) = 2*p(d) - 11*z(d). What is j(-21)?
5
Let m(v) be the second derivative of -v**4/12 - v**3/6 - v**2 + 13*v. Let c(k) = k**3 + 3*k**2 - 4*k + 1. Let h be c(-4). Let w be h - 1/(1/4). What is m(w)?
-8
Let c be -3 - -2 - 5/(-1). Suppose 2*d + 2*q - c = -0*d, 2*q = -3*d + 11. Let x(o) = -d*o**2 + 4*o**2 - 1 + 9*o**2 - 5*o**2. What is x(2)?
3
Let i(w) be the first derivative of -w**3/3 - 18*w - 97. Calculate i(0).
-18
Suppose 5*b - 5*l - 180 = 0, -3*l + 6 = -3. Let k = b + -36. Let d(u) = -u + 1 - u**3 - 2 + 0*u**2 + 4*u**2. Determine d(k).
5
Suppose -13*o + 11*o = -14. Suppose -o = -4*h - 3*h. Let x(j) = 18*j**2 - j. Determine x(h).
17
Let b(x) = x**2 + 5. Let t(i) = -i**2 + 18*i - 16. Let p be t(17). Let s be 0/p*(-6)/12. What is b(s)?
5
Let c(d) = 15*d**2 - 19*d**2 + 7*d - d**3 - 6 + 0*d**3. Determine c(-6).
24
Let q be (-20 + -1)*(-6)/9. Let n(f) = -13 + q - 4*f - f**3 + 6*f.